prime number?
False
Is 2914189687 prime?
False
Is 96960349 a prime number?
True
Is 23750949401 a prime number?
True
Is 135227962453 prime?
False
Is 1068868481 prime?
True
Is 305660137 composite?
False
Is 1221024863 composite?
True
Is 17444083 a composite number?
True
Is 13432513759 a prime number?
False
Is 241694903 a prime number?
False
Is 2377789397 a composite number?
True
Is 141269239589 a composite number?
False
Is 1062637327 a composite number?
False
Is 1363422143 a composite number?
False
Is 1496681009 a composite number?
False
Is 4559142767 prime?
True
Is 59430958337 a prime number?
True
Is 184254437 a composite number?
True
Is 29607427231 prime?
True
Is 4166206003 a prime number?
True
Is 78873727 prime?
False
Is 1780277231 composite?
True
Is 590662849 a composite number?
True
Is 19241407541 a prime number?
True
Is 13634290799 composite?
False
Is 26388069999 composite?
True
Is 141062407 a composite number?
True
Is 2256278333 prime?
False
Is 154942969 composite?
True
Is 614126896243 a composite number?
True
Is 10178269637 a composite number?
False
Is 1100139451 composite?
True
Is 174724765619 a composite number?
False
Is 974062981 a composite number?
False
Is 1723358409 a composite number?
True
Is 88337493899 prime?
True
Is 2347092463 a prime number?
False
Is 2981045579 composite?
True
Is 22637667607 a prime number?
False
Is 17512080709 prime?
True
Is 341623481 a composite number?
False
Is 7597416763 a prime number?
False
Is 203957777 prime?
False
Is 9534926783 a prime number?
False
Is 626213585 a composite number?
True
Is 210987059 composite?
False
Is 2055317489 composite?
True
Is 2986929987 prime?
False
Is 2371739371 a composite number?
True
Is 214882333 a prime number?
False
Is 10804791559 a prime number?
True
Is 2258085073 a composite number?
False
Is 3962500337 composite?
True
Is 3257922671 a prime number?
True
Is 693126001 prime?
True
Is 499821193 composite?
False
Is 19083009493 composite?
True
Is 24327155107 a prime number?
False
Is 3765067771 a prime number?
True
Is 507904207 composite?
True
Is 1900878571 a composite number?
True
Is 4784484059 composite?
False
Is 14533166107 a composite number?
False
Is 163354665281 a composite number?
False
Is 3036228893 prime?
False
Is 3020657323 a prime number?
False
Is 1741340717 composite?
False
Is 3874251893 a composite number?
False
Is 374854313 composite?
True
Is 195931423 a composite number?
False
Is 489920521 a prime number?
False
Is 39951047393 prime?
True
Is 1545910621 a composite number?
False
Is 4726370339 prime?
True
Is 8344346621 a prime number?
False
Is 1260517021 a composite number?
False
Is 493880213 a composite number?
False
Is 546091771 a prime number?
False
Is 8477569637 prime?
False
Is 2477970107 a prime number?
False
Is 119319371 composite?
False
Is 1489710973 prime?
True
Is 6458152637 composite?
False
Is 164841497 prime?
True
Is 62421528697 a prime number?
False
Is 12837597329 composite?
False
Is 27244873 prime?
True
Is 2485850491 prime?
True
Is 376478989 a composite number?
True
Is 10126375127 composite?
True
Is 111507770347 a prime number?
False
Is 663706523 prime?
True
Is 3142737119 a prime number?
False
Is 12878174121 a prime number?
False
Is 25418403133 a composite number?
False
Is 4941597233 a prime number?
False
Is 1384699073 a prime number?
True
Is 9053366353 a composite number?
True
Is 30219378401 prime?
True
Is 366493843 composite?
True
Is 62392456387 a prime number?
True
Is 8975367313 a composite number?
True
Is 41656791727 a composite number?
False
Is 3356992967 composite?
False
Is 14472799733 prime?
False
Is 32666417213 a composite number?
False
Is 12197480459 a prime number?
True
Is 5223308663 composite?
True
Is 606613043 prime?
False
Is 11190653245 a composite number?
True
Is 600129749 a composite number?
False
Is 5251287494 prime?
False
Is 4755060329 a prime number?
True
Is 47658313739 prime?
True
Is 5745818549 a composite number?
True
Is 1417832133 a prime number?
False
Is 37137639881 prime?
False
Is 609476887 composite?
True
Is 472912949 a composite number?
True
Is 626215613 composite?
False
Is 24476224913 composite?
True
Is 15988965197 composite?
True
Is 4827564883 prime?
False
Is 236616036515 composite?
True
Is 12762816239 prime?
True
Is 2454054301 a prime number?
True
Is 1501474693 prime?
True
Is 233995853837 a prime number?
True
Is 10278377105 prime?
False
Is 67128132241 prime?
False
Is 3105165521 a prime number?
True
Is 14367349837 composite?
True
Is 651878981 composite?
True
Is 48393329 a composite number?
True
Is 22848893713 a composite number?
False
Is 720667793 a composite number?
False
Is 711257762 a prime number?
False
Is 142125127 composite?
False
Is 688197859 a prime number?
False
Is 737456029 prime?
True
Is 54056391911 a prime number?
True
Is 73343961377 prime?
False
Is 10744752407 prime?
False
Is 41247931 prime?
True
Is 3230214454 composite?
True
Is 5497746109 prime?
True
Is 66478477789 prime?
True
Is 1505278837 prime?
True
Is 416191579 a composite number?
True
Is 5882624711 prime?
True
Is 128992987649 prime?
True
Is 10128987881 a composite number?
True
Is 1439440538 prime?
False
Is 4440737591 a prime number?
False
Is 79545499519 composite?
True
Is 21267802849 composite?
True
Is 401605313 a composite number?
True
Is 6783997277 composite?
True
Is 13977911779 prime?
False
Is 15723574429 a prime number?
False
Is 1911683831 composite?
False
Is 103302940471 prime?
True
Is 271107701 a prime number?
True
Is 7790072033 composite?
True
Is 5681923477 prime?
True
Is 1313615019 a prime number?
False
Is 6269413963 composite?
True
Is 8716215961 composite?
False
Is 1617751099 a prime number?
True
Is 68293824191 composite?
False
Is 21438830551 composite?
True
Is 15502293167 prime?
False
Is 1179539333 a composite number?
True
Is 4152547739 prime?
False
Is 310495313 a composite number?
False
Is 1622274959 composite?
False
Is 444435511 a prime number?
False
Is 449687753 a prime number?
False
Is 114516950131 a prime number?
False
Is 156624617829 a prime number?
False
Is 11221913621 prime?
True
Is 99503587 a prime number?
False
Is 5699168261 a composite number?
True
Is 45437916074 prime?
False
Is 1958517907 prime?
False
Is 1609353507 composite?
True
Is 4524100951 composite?
False
Is 265795703 a prime number?
True
Is 9377278303 a prime number?
False
Is 254933177 a composite number?
True
Is 11173587473 prime?
False
Is 6727617233 prime?
False
Is 61281917 a prime number?
True
Is 7313850787 a prime number?
False
Is 2235614981 composite?
False
Is 158565147415 composite?
True
Is 155534959441 a prime number?
True
Is 19140621301 a prime number?
True
Is 496702021 composite?
True
Is 22307333509 composite?
False
Is 17356443191 a composite number?
True
Is 184610171 a prime number?
False
Is 50231879743 composite?
False
Is 3979500881 composite?
False
Is 6268256593 a prime number?
True
Is 1801460617 a prime number?
False
Is 248171221 a composite number?
False
Is 53207797 a composite number?
False
Is 9259497979 composite?
True
Is 2217691921 a prime number?
False
Is 90346865767 a composite number?
False
Is 2012876329 composite?
False
Is 243782463 composite?
True
Is 1137450871 a prime number?
True
Is 10477425509 composite?
True
Is 62136998747 a prime number?
True
Is 1714249027 composite?
True
Is 23941703023 a prime number?
False
Is 5261881949 a prime number?
True
Is 5027331677 composite?
False
Is 11330527927 composite?
True
Is 1430395403 prime?
True
Is 14662466837 composite?
True
Is 23086480621 a prime number?
False
Is 14778694939 composite?
False
Is 5994429877 composite?
True
Is 330138043 prime?
False
Is 1075101113 prime?
True
Is 2141895549 prime?
False
Is 17760756671 a composite number?
True
Is 160842217951 composite?
False
Is 33239864909 prime?
True
Is 454786999 composite?
True
Is 515960552999 a prime number?
True
Is 34763877301 a prime number?
False
Is 258672523 a composite number?
False
Is 20206576087 prime?
True
Is 124257409 composite?
False
Is 79832573747 a composite number?
False
Is 739364735 prime?
False
Is 1131448237 a prime number?
False
Is 543663173 a prime number?
True
Is 27456973897 a prime number?
True
Is 12086273183 composite?
True
Is 34608259909 composite?
False
Is 3509155721 a prime number?
True
Is 4625829491 a prime number?
False
Is 877032979 composite?
